n base 8, what is -24203 + 177?
-24004
In base 7, what is 4345613 - 1315?
4344265
In base 9, what is -5435 - 624?
-6160
In base 3, what is 221210100112 + -2012?
221210021100
In base 10, what is -3763 + -128?
-3891
In base 15, what is -176e8 + a?
-176dd
In base 4, what is 1331203013132 + 0?
1331203013132
In base 14, what is -827d - 13d4?
-9673
In base 16, what is 0 + ee783c?
ee783c
In base 10, what is -69 - 36740?
-36809
In base 13, what is -124b - cc1?
-223c
In base 5, what is -440421 + 101334?
-334032
In base 2, what is 10100111110000100 + 111110000100?
10101111100001000
In base 7, what is 23411565 - 26?
23411536
In base 5, what is 3134210 - -1420?
3141130
In base 3, what is 2211212 - -220022?
10202011
In base 5, what is 1032044230 - -300?
1032100030
In base 14, what is -2a9a4 + -b?
-2a9b1
In base 15, what is 54e + -ca7?
-758
In base 14, what is -36d + -1bb9?
-2148
In base 2, what is 1100101110011 + -100001111000?
1000011111011
In base 11, what is -a0 + 1564a2?
156402
In base 4, what is 30211130030020 + -3?
30211130030011
In base 11, what is 1009 + 5369a?
546a8
In base 3, what is 22100111100022 - 120?
22100111022202
In base 4, what is -11 - -31323310?
31323233
In base 7, what is -4 - 360566336?
-360566343
In base 16, what is -2 - -67074f?
67074d
In base 14, what is 2d6 + 5ca5?
619b
In base 8, what is -24 - 1726626?
-1726652
In base 12, what is -57 - 614001?
-614058
In base 7, what is 2 + 3604345301?
3604345303
In base 15, what is -de8 + 1171?
278
In base 8, what is 2316 - -1044266?
1046604
In base 11, what is -92852 - -114?
-92739
In base 12, what is -29937b2 + 2?
-29937b0
In base 7, what is -1442002001 + -4?
-1442002005
In base 6, what is 3014513 - -51?
3015004
In base 13, what is -13 - -176340?
17632a
In base 15, what is 1 - -37e4c38?
37e4c39
In base 11, what is -9832589 + -4?
-9832592
In base 14, what is -364b3a3 - -1?
-364b3a2
In base 8, what is -1725276575 + -3?
-1725276600
In base 16, what is 24611 + 10?
24621
In base 9, what is 4548426 + 283?
4548720
In base 2, what is -1000 + 1110001011111101011011?
1110001011111101010011
In base 12, what is 2047a80 + 0?
2047a80
In base 4, what is -122202 + -1033323?
-1222131
In base 7, what is -326 - -63053565?
63053236
In base 4, what is 232011 + 22232212?
23130223
In base 3, what is 1210012021 + 0?
1210012021
In base 2, what is 100 - 1111111100110000111100?
-1111111100110000111000
In base 16, what is -13fc + -404?
-1800
In base 8, what is 1223 - 2106245?
-2105022
In base 7, what is -23660 + -211?
-24201
In base 16, what is -299c + -16b3?
-404f
In base 15, what is -1093 + cc?
-eb6
In base 14, what is -ab5 + 310d7?
30422
In base 9, what is 6281 + 155245?
162536
In base 16, what is 160da0 + -10c?
160c94
In base 11, what is 17223a9a9 + -3?
17223a9a6
In base 16, what is c30c1 + -8?
c30b9
In base 6, what is 31 - 320535022?
-320534551
In base 13, what is 0 + 33c9a50?
33c9a50
In base 11, what is -2aa540 - -18?
-2aa523
In base 7, what is 14 + -15160426?
-15160412
In base 14, what is -225 - 82d?
-a54
In base 14, what is -21c7 + -12d?
-2316
In base 15, what is -1650d - 96c?
-16e7a
In base 14, what is -74640 - 166?
-747a6
In base 5, what is 1340443 - -2132?
1343130
In base 6, what is -5425153 + 232?
-5424521
In base 7, what is 5 - -66213653?
66213661
In base 10, what is -16 + -3265207?
-3265223
In base 13, what is 0 + -79c1215?
-79c1215
In base 3, what is -101011 + 10020120010?
10020011222
In base 7, what is 53552 + -260?
53262
In base 12, what is -3130015 - 9?
-3130022
In base 2, what is -1110101010 - 11011010010111?
-11101001000001
In base 5, what is -20 - -104231420?
104231400
In base 15, what is 5 + -8c982b1?
-8c982ab
In base 10, what is -12792 + -19885?
-32677
In base 4, what is -1113 + -2323300?
-2331013
In base 9, what is 51735 - 128?
51606
In base 10, what is -424119 + -18?
-424137
In base 16, what is 3830 - 9980?
-6150
In base 15, what is 6516 - 18b?
637a
In base 2, what is 10111111100011111101111 + -100?
10111111100011111101011
In base 16, what is -a741d3 - 3?
-a741d6
In base 3, what is -1 + 1110010012211120?
1110010012211112
In base 10, what is -15844326 + 17?
-15844309
In base 3, what is -1210112200110001011 + 1?
-1210112200110001010
In base 15, what is 6 + -1ac406?
-1ac400
In base 2, what is -100 - -11001010010111100000110?
11001010010111100000010
In base 4, what is 121 + 1330112033?
1330112220
In base 2, what is 1 + 1101011100101101101011010110?
1101011100101101101011010111
In base 11, what is 5 - -13539a7?
1353a01
In base 14, what is -25cd + 230?
-239d
In base 10, what is 71 + 50815?
50886
In base 8, what is -512336 - -2562?
-507554
In base 16, what is -1 - 336691?
-336692
In base 7, what is 1150 + -1141552?
-1140402
In base 7, what is 302632 - 205?
302424
In base 14, what is -1a - -3455c1?
3455a5
In base 11, what is 9 - -2177148?
2177156
In base 7, what is 46 + 63264156?
63264235
In base 16, what is 32a0666 - -5?
32a066b
In base 15, what is -11e + 7d652?
7d533
In base 14, what is -2 + -12c5159?
-12c515b
In base 3, what is -2221002 - -11020100?
1022021
In base 15, what is -b8640 - 2?
-b8642
In base 10, what is 3 - 5473385?
-5473382
In base 10, what is 149463 - -3170?
152633
In base 4, what is -2033012 + 200331?
-1232021
In base 13, what is b31602 + -27?
b315a8
In base 4, what is -10020303332 + 2213?
-10020301113
In base 15, what is -105135 - 1d?
-105153
In base 13, what is c - 721b0?
-721a1
In base 5, what is 20341102400 - 141?
20341102204
In base 12, what is 1581 + -72a61?
-714a0
In base 8, what is 5 - 1155740206?
-1155740201
In base 5, what is -331404131 - -1014?
-331403112
In base 16, what is 87ad30e - -5?
87ad313
In base 7, what is 2626 - -26122?
32051
In base 6, what is 2501 + -11054441?
-11051540
In base 6, what is 1031342131 - -54?
1031342225
In base 12, what is -9 + 4a1b688?
4a1b67b
In base 2, what is -101 + -1011000001111100010010010?
-1011000001111100010010111
In base 5, what is -1032 - 233342341?
-233343423
In base 15, what is -4 - 19126d?
-191272
In base 14, what is 2255d - -1a?
22579
In base 8, what is -1164 - 173?
-1357
In base 2, what is 10 + 100010111101100101010?
100010111101100101100
In base 14, what is 1bd36d5 + -6?
1bd36cd
In base 2, what is 100 + -10100101100000111110110?
-10100101100000111110010
In base 14, what is 2b9b1a - -156?
2b9c72
In base 7, what is -12 + 2232424204?
2232424162
In base 4, what is -1132 - -20111323121?
20111321323
In base 10, what is -296132 + -422?
-296554
In base 10, what is -1389865 + 10?
-1389855
In base 13, what is -204a0835 - 0?
-204a0835
In base 2, what is 1101000101101 + -110111010101?
110001011000
In base 15, what is 1 + 20ec5e?
20ec60
In base 14, what is -17 + 1666244?
166622b
In base 6, what is 3010231521 - -4?
3010231525
In base 5, what is -1203 + -1104323?
-1111031
In base 2, what is 100011100100011100110 + -1101110000?
100011100010101110110
In base 5, what is 403044 + 323120?
1231214
In base 5, what is 140111 - 10344?
124212
In base 7, what is 2 + 33204344?
33204346
In base 12, what is 3b1094 + -34?
3b1060
In base 14, what is -423d3 + -3d?
-42432
In base 2, what is -100100100101000001000001 + 1?
-100100100101000001000000
In base 6, what is 14535022 + -25?
14534553
In base 13, what is 28c1aa - -bb?
28c298
In base 12, what is -2819 + 7509?
48b0
In base 13, what is 2538 - 58?
24b0
In base 5, what is 434 + -3414313?
-3413324
In base 16, what is -389ae + 3d?
-38971
In base 15, what is 5be2a0 - 1?
5be29e
In base 9, what is -2 + 123508382?
123508380
In base 7, what is 146 + -650300?
-650121
In base 9, what is 26852 + -5217?
21634
In base 13, what is -45381 + -114?
-45495
In base 6, what is 125155 - 114215?
10540
In base 13, what is -4516 + a5b1?
6098
In base 15, what is 172a3cd + -2?
172a3cb
In base 6, what is -31 - -30055203?
30055132
In base 9, what is -2887523 + -2?
-2887525
In base 6, what is 2432 + -2150450?
-2144014
In base 13, what is -187611 + 146?
-187498
In base 11, what is -1a004 + -155a?
-20563
In base 11, what is -10 - -605738?
605728
In base 10, what is 8211043 + 14?
8211057
In base 12, what is 3b5b3 + -23?
3b590
In base 11, what is -36 - 1567767?
-15677a2
In base 13, what is -1c6590a + -1?
-1c6590b
In base 6, what is 43502032 - 10?
43502022
In base 7, what is 4006 + 36443?
43452
In base 13, what is 19a6b + -1c0?
1987b
In base